 -4*j = -m*j - 12. What are the prime factors of j?
2, 3
Suppose -2*n + 0*n = 4*w - 50, 65 = 4*w - n. Suppose 0 = -3*r - w, 2*q + q = 5*r - 2. List the prime factors of (q - -7)/(2/(-19)).
19
Let x = 15 - -7. What are the prime factors of x?
2, 11
Suppose b + 0*b = 2*h - 2, 0 = h + b + 5. List the prime factors of 6 - (h - (0 + 0)).
7
Let m(s) = s - 1. Let k(j) = -4*j + 12. Let b(g) = k(g) + 5*m(g). Let z be b(-5). Suppose -z*d + 2 + 4 = 0. What are the prime factors of d?
3
Let k = 4 + -4. Suppose -2*v = -k*v. Suppose -i - i + 5*o + 8 = v, 0 = 2*i - 2*o - 8. List the prime factors of i.
2
Let l(g) = -g**3 + g + 34. Let k be l(0). Suppose k = 2*x - w, 0 = 3*w - 7 + 1. What are the prime factors of x?
2, 3
Suppose 5*l + 384 = 4*v, -l = -0*v - v + 97. What are the prime factors of v?
101
Let t(r) = 2*r**2 + 4*r + 2. Let y be t(-2). Suppose y = -o + 7. Suppose -w = -2*w + o. What are the prime factors of w?
5
Let j be 3*-2*1/(-6). Let k(u) = 17*u**3 + 2*u**2 - u. What are the prime factors of k(j)?
2, 3
Suppose -4*r = 3 + 21. Suppose -25 = 3*u + c, -3*u + 8*u - 2*c = -49. List the prime factors of (-40)/r - (-6)/u.
2, 3
Suppose 4 = 5*q - 16. Suppose -q*x - 14 = a, 0 = 3*a + x - 6*x - 26. List the prime factors of a.
2
Let w(z) = -3*z + 2. Let v(y) = -5*y + 4. Let h(s) = 6*v(s) - 11*w(s). List the prime factors of h(14).
2, 11
Suppose -60 = -2*u - 3*u. Let v = -6 + u. What are the prime factors of v?
2, 3
Suppose 0 = -4*j + 14 + 2. Suppose -2*t = f - 35, -f + 31 = 2*t - j*t. List the prime factors of f.
3, 11
Let p = 125 + -78. List the prime factors of p.
47
Let h(y) = 2*y**2 + 7*y + 2. What are the prime factors of h(-5)?
17
Let c = -8 + 9. Let l = c - -9. What are the prime factors of l?
2, 5
Let d(n) = n**3 - 10*n**2 + 7*n + 9. Let f be d(9). Let g = 5 - f. List the prime factors of g.
2, 7
Let h(f) = -f**2 + 6*f - 2. Let g be h(5). Suppose 2*s - 2 = 0, 2*r - 2*s - 49 = -11. Suppose -q = -g*q + r. What are the prime factors of q?
2, 5
Let a be (-17)/(-5) + 9/15. Suppose 32 = 5*w + a*g, 8*w - 17 = 3*w + g. Suppose 0 = i - w + 1. List the prime factors of i.
3
Suppose 35 = -3*i + 8*i. What are the prime factors of i?
7
Let a(s) = -s - 1. Let h be 3 + 1/(2/(-16)). What are the prime factors of a(h)?
2
Let u(t) = 5*t**2 + 2*t - 1. Let r be u(1). Let n = r + 7. List the prime factors of n.
13
What are the prime factors of 1*3*(8 - 0)?
2, 3
Let u(o) = 267*o**3 + 2*o**2 - o - 1. What are the prime factors of u(1)?
3, 89
Let o(d) = d**2 - 5*d - 9. Suppose -4*l + 18 = -10. What are the prime factors of o(l)?
5
Suppose 4*v + 188 = -4*j, -4*v - 6*j = -3*j + 192. Let t = v + 95. List the prime factors of t.
2, 11
Let l be (-143)/(-2) + (-7)/14. Suppose -34 = -5*m + l. What are the prime factors of m?
3, 7
Let x be 1032/52 + (-2)/(-13). What are the prime factors of (8/20)/(2/x)?
2
Let s(j) be the first derivative of -j**3/3 + 13*j + 4. What are the prime factors of s(0)?
13
Let a(p) = -p**3 - 6*p**2 - 6*p + 6. List the prime factors of a(-5).
11
Let n(y) = 4*y + 8. What are the prime factors of n(11)?
2, 13
Suppose 4*l - 69 - 3 = 0. Suppose l + 4 = -2*z. Let g = 9 - z. List the prime factors of g.
2, 5
Suppose 0 = 5*u + 2*w - 477, 2*u - 5*w - 188 = -3*w. What are the prime factors of u?
5, 19
Suppose -2289 = -11*p - 276. List the prime factors of p.
3, 61
Suppose 4*m - 272 = -4*l, -4*m + m - l + 200 = 0. Let g = 96 - m. List the prime factors of g.
2, 3, 5
What are the prime factors of 128 + 14 + (-8)/(-2)?
2, 73
Let p(v) = 11*v + v**2 - 2*v**2 + v - 15. What are the prime factors of p(10)?
5
Let r(z) = -z + 2. Let i be r(3). Let w(p) be the first derivative of -3*p**2/2 + p - 1. List the prime factors of w(i).
2
Let x be (4/(-6))/(1/3). Let a = 15 + x. List the prime factors of a.
13
Let t(y) = 0*y - 9 - y**3 - 4*y - 7*y + 14*y**2. List the prime factors of t(13).
17
Suppose 4*d - 3*d - 7 = 0. Suppose 2*q = v + 3, -4*v - 3*q = -v - 18. Let x = v + d. List the prime factors of x.
2, 5
What are the prime factors of ((-94)/4)/((-5)/10)?
47
Suppose a = 2*a - 36. List the prime factors of -8*(1 - a/8).
2, 7
Let n = -5 - 1. List the prime factors of ((-108)/48)/(n/64).
2, 3
Suppose 2*l - 2 + 8 = 0, 21 = 2*g - 5*l. Suppose 15 = -0*h - g*h. What are the prime factors of h*(1 - 34/10)?
2, 3
Suppose -g + 5*g = 1552. List the prime factors of g.
2, 97
Let w = 8 - 6. Suppose w*t + 13 = 3*t. What are the prime factors of t?
13
Suppose -4*q + j + 2 = -5*q, q - j = -6. Let r(h) be the first derivative of -h**4/4 - 4*h**3/3 - h**2/2 + h + 4. List the prime factors of r(q).
5
Let h(d) = -d**2 + 36*d - 7. What are the prime factors of h(30)?
173
Let b be 4/5*(-10)/(-4). Let h = 4 - b. List the prime factors of h.
2
Suppose -f - 12 + 30 = 0. Suppose -f = -6*t + 3*t. Suppose -2*r = -t*r + 44. What are the prime factors of r?
11
Suppose -w = 2*a - 2*w + 11, 0 = a + 5*w - 11. Let z be (14/a)/(4/(-8)). What are the prime factors of z/((-1)/1 + 2)?
7
Let k(w) = -3*w - 4. Let i be k(-3). Suppose -5*b + 6 = -i*o - 9, -3*b - 4*o - 5 = 0. What are the prime factors of (b - 0)*(3 - 0)?
3
Let v(u) = -u**2 - 7*u + 13. What are the prime factors of v(-7)?
13
Let o(c) = c**2 - c. List the prime factors of o(-1).
2
Suppose 4*g - 2*g = -j - 11, -j = -4*g + 5. What are the prime factors of j*(-1 + 4/(-6))?
3, 5
Suppose -1 - 69 = -7*u. What are the prime factors of u?
2, 5
Let i be -2 - (-2 + 0/1). Suppose 4*j + 3 = -4*w + 35, 2*j - 2*w = i. What are the prime factors of j/(-6) + (-78)/(-9)?
2
Suppose 5*s + 27 + 18 = 0. Let j(m) = -m**2 - 10*m + 13. List the prime factors of j(s).
2, 11
Let x = 3 + 6. What are the prime factors of 2*x/((-9)/(-3))?
2, 3
Let m be ((-3)/5)/(2/(-10)). Suppose -189 = -g - m*g - n, -g + 51 = 4*n. What are the prime factors of g?
47
Suppose 2*p = -3*p + 35. List the prime factors of p.
7
Let h be (2/(-8))/(3/(-12)). Let a = h - -1. What are the prime factors of a?
2
Let w be (1 - -59)*54/(-15). Let o be ((-3)/3)/(4/w). Let y = o + -35. What are the prime factors of y?
19
Let o be (-2)/(-5)*25/(-1). Let i = 4 + o. What are the prime factors of (-1)/(3/i) - -3?
5
Let j be 1/2 + (-9)/(-2). Suppose j*h + 46 = 1. List the prime factors of 3*((-42)/h + -2).
2
Let d(c) = -c + 1. Let i be d(-1). Let k be 2/4 + 5/i. Suppose -k*v + 23 = -10. List the prime factors of v.
11
Let j(z) = 5 + 0*z - 12*z + 43. Let b(s) = 3*s - 12. Let m(c) = 9*b(c) + 2*j(c). What are the prime factors of m(8)?
2, 3
Suppose -12 = 6*t - 9*t. Let j be 0/(-2) - (3 + -1). Let u = t + j. What are the prime factors of u?
2
Let g(o) = -o**2 + 4*o - 2. Let w be g(2). Suppose w*l = 5*h + 21 + 18, l - 36 = -3*h. List the prime factors of l.
3
Let a(o) = -o**3 - 4*o**2 - o - 2. List the prime factors of a(-5).
2, 7
List the prime factors of (-1 + 3)*28 + 4.
2, 3, 5
Let r = 3 - 1. Suppose r*g + 2*x - 17 = 5, 3*x + 17 = 2*g. What are the prime factors of g?
2, 5
Suppose -r + 1 - 5 = 0. Let z(w) = -w**3 - 3*w**2 + 3*w - 1. List the prime factors of z(r).
3
What are the prime factors of ((-858)/312)/(0 - 2/152)?
11, 19
Suppose 0*n = -2*n + 20. Let y = n + -8. Suppose j - 15 = -y*j. What are the prime factors of j?
5
Let d(l) = l**2 - 10. Let v(h) = -h. Let t(k) = d(k) + 2*v(k). What are the prime factors of t(7)?
5
Suppose -2*y + 4*p = -4, -4*p + 6 = -3*y + 2*y. List the prime factors of y.
2, 5
Suppose 14 = -2*b + 2*z, -z - 3*z + 36 = -5*b. Let q be (-14)/(-4) - (-4)/b. Suppose 2*a - q - 19 = -2*f, -2*a + 38 = 4*f. List the prime factors of f.
2
Let l(p) = p**2 - 2*p - 5. Let r be l(4). What are the prime factors of (r - 0)*(-5)/(-3)?
5
Let n = 3 - 4. Let l(q) = -q. Let k be l(-5). Let w = k - n. List the prime factors of w.
2, 3
Suppose -3*t + 18 + 363 = 0. What are the prime factors of t?
127
Let q(s) be the first derivative of s**4/4 - 6*s**3 + 9*s**2 + 18*s + 1. What are the prime factors of q(17)?
5, 7
Let q = 172 + -103. What are the prime factors of q?
3, 23
Suppose 0 = y + 2*y. Suppose y = 2*n + 10, -3*d - 7 = d + 3*n. Let m(v) = 2*v**2 - 2*v + 3. List the prime factors of m(d).
7
Let d(l) = 45*l**2 + 1. List the prime factors of d(1).
2, 23
What are the prime factors of 100/(5 + -3) + 0?
2, 5
Suppose -s + 18 = -4*s. Let f be (-2)/s - (-100)/15. Suppose f*l - 10 = 2*l. List the prime factors of l.
